 Let x(s) = s**3 + s**2 - 1. Let d(a) = h(a) - 3*x(a). What is the units digit of d(-1)?
8
Let n(q) = 5*q + 3. Let d(z) = -z. Let t(k) = -4*d(k) - n(k). Let r be t(-7). Suppose m - 2*a - 16 = -0*a, r*m + a = 73. What is the units digit of m?
8
Let j(q) = 3*q**2 + q - 2. Suppose 8 = -5*g + 2*c, 3*g + c + 5 = g. Let s be j(g). Suppose -6*x + 202 = -s. What is the units digit of x?
5
Suppose s + 5*j = 982, -2*j + 3*j + 1006 = s. What is the hundreds digit of s?
0
Suppose 2*i + 3*i = -3*d - 142, -d - 74 = -5*i. What is the tens digit of 9/d + 182/12?
1
Let z(j) = -17*j - 18*j - 5 + 25*j - 3. What is the tens digit of z(-28)?
7
Let k = 464 - 378. What is the units digit of k?
6
Let d be 168/(-4) - (-4 + 2). Let l = d - -56. Suppose 2*u - l = -2*u. What is the units digit of u?
4
Let k = 155 + -158. Let w(n) = -11*n**3 - 4*n**2 - n - 2. What is the hundreds digit of w(k)?
2
Suppose 5*g - 3630 = -2*n, 2*g - 2*n = 1329 + 137. What is the hundreds digit of g?
7
Let m(l) = -11*l - 6. Let v be m(-6). Suppose -y - 5*b = -v, -3*y + b + 4*b + 260 = 0. What is the tens digit of y?
8
Let t be (-78)/(-36) + (-2)/12. Suppose u - 51 = -t*f, 5*f = f + 5*u + 123. What is the tens digit of f?
2
Let a(u) = 2*u**2 - 26*u - 17. Let x(s) = -s**2 + 13*s + 9. Let d(t) = -4*a(t) - 7*x(t). What is the tens digit of d(11)?
2
Let i(j) = 2*j**3 - 10*j**2 - 39*j + 17. What is the hundreds digit of i(14)?
9
Let t = 476 - -1306. What is the tens digit of t?
8
Let o = -5 + 8. Let s(m) = -2*m - 10 - m**o + m + 10*m**2 + 0 - 9*m. What is the units digit of s(8)?
8
Suppose 5*p + 81 + 474 = 4*i, 5*p - 390 = -3*i. Suppose 3*x - 5*h + 4*h - i = 0, 4*h = 0. What is the units digit of x?
5
Suppose -10*o + 32852 = 8952. What is the tens digit of o?
9
Let h(x) = 8*x - 17. Let o(n) = 4*n - 2*n + 4*n - 9 - 2*n. Let t(c) = -3*h(c) + 5*o(c). What is the tens digit of t(-3)?
1
Suppose 0*f + 8 = 4*y - 4*f, 2*y - 24 = -2*f. What is the tens digit of ((-345)/(-35) + 3)*y?
9
Let o be (-2)/((-6)/81*3). What is the tens digit of 3/o - (-2 - 3040/15)?
0
Let d(t) = -8*t**2 + 3*t + 6. Let u(j) = -4*j**2 + 2*j + 3. Let q(s) = -4*d(s) + 7*u(s). Suppose 10*c + 3 = 9*c. What is the tens digit of q(c)?
2
Suppose -19 = 4*t + 5. Let n = t - -10. Suppose -n*j + 5*j - 22 = 0. What is the units digit of j?
2
Let r = 1022 + 385. What is the tens digit of r?
0
Let w = -11 + 8. Let p be w/9*138/2. Let o = -16 - p. What is the units digit of o?
7
Let u(c) = -8*c + c + c**2 - 8 - 3*c**2 + c**2. Let v be u(-6). What is the tens digit of 38 + 6 - (0 + v)?
4
Let f(j) be the first derivative of j**3/3 - 11*j**2/2 + 16*j + 1. Let i = -244 - -255. What is the tens digit of f(i)?
1
Let p be 2 + -2 + 2 - -9. Suppose 0 = p*q - 8*q - 378. What is the tens digit of q?
2
Let l(m) = -12*m - 37. What is the hundreds digit of l(-17)?
1
Let h be 4/8*(-264)/(-2). Let t be h/2 + (-1 - 0). Suppose t + 16 = 3*d. What is the tens digit of d?
1
What is the tens digit of 396 + (-19)/((-76)/(-24))?
9
Suppose -10*i + 14*i + 2*u = 11110, 3*i - 8313 = 5*u. What is the tens digit of i?
7
Let i = 2307 - -1263. What is the thousands digit of i?
3
Let s = -1716 + 2950. What is the units digit of s?
4
Suppose 26 - 4726 = -5*r + 2*h, 4*h = -r + 940. What is the units digit of r?
0
Suppose -4370 = -5*u + 3005. What is the units digit of u?
5
Let j(d) = 14 - d - 3 - 9 - 8*d. What is the tens digit of j(-6)?
5
Let g = 20 + -28. Let o be (2/g)/((-10)/200). Let x = 1 + o. What is the units digit of x?
6
Let w(q) = 4*q**3 - 3*q**2 - 8*q - 20. Let z(f) = 11*f**3 - 10*f**2 - 23*f - 59. Let o(b) = 8*w(b) - 3*z(b). What is the units digit of o(7)?
3
Let i(n) = -n**3 + 4*n**2 + 6*n - 3. Let f be i(5). Suppose -4*g = f*o - 8*g + 12, 0 = 2*o - 3*g + 7. What is the units digit of ((-400)/(-24))/(o/18)?
5
Suppose -24 = -5*i - 14. Suppose 0*l = -i*l - 56. What is the units digit of l/(-42) - 28/(-3)?
0
Let o(g) = -3*g**2 + 5*g - 6. Let p(f) = -f**2 + 2*f - 3. Let x(j) = -2*o(j) + 5*p(j). Let b be ((-10)/12)/(-1 + 20/24). What is the tens digit of x(b)?
2
Let d be ((-2)/3)/(6/(-234)). Suppose 3*s - d = 2*s. What is the units digit of s?
6
Let b = 896 + -472. Suppose 3*n + b = o, -4 = -3*o - 1. Let w = -96 - n. What is the units digit of w?
5
Suppose 1336 = 3*c + 427. Let j = c + -131. What is the hundreds digit of j?
1
Let w(h) = h**3 - 7*h**2 + h - 7. Let v be w(7). Suppose 6 = 3*m - v*m. Suppose 5*y = m*y + 3. What is the units digit of y?
1
Let o(v) = 5*v**2 + 7*v + 1. Suppose 6*h - 3*h + 9 = 0. What is the tens digit of o(h)?
2
Suppose -2*j + 12 = j - 3*a, 0 = 4*j + 4*a - 56. Let s = -7 + j. What is the units digit of 38 + 8/s - 1?
1
Suppose 33*z = 32*z + 2*t + 952, 5*t = -25. What is the tens digit of z?
4
Let v(a) = 41*a + 248. What is the thousands digit of v(36)?
1
Suppose 0*t = -t + 19. Let p(h) = -h - 20. Let c be p(-6). Let r = c + t. What is the units digit of r?
5
Let u = -799 + 1385. What is the hundreds digit of u?
5
Let k = 47 + 27. Let h = k + -29. What is the tens digit of h?
4
Let u = -15 - -18. Suppose 0 = -3*f - 3, u*t + f - 290 = 3*f. What is the tens digit of t/18*9/4?
1
Let r = -17 - -122. Let m be 2/(-4) - r/(-14). Suppose m*h = 4*h + 114. What is the units digit of h?
8
Suppose 0 = 5*c - 4*c. Suppose -a - 4*r - 26 = c, 4*a - r = -6*r - 82. Let b = a - -32. What is the tens digit of b?
1
Let o(t) = -t**3 + 5*t**2 + t - 2. Suppose 5 = -5*g - m, -2*m + m - 5 = 0. Let u = g + 4. What is the units digit of o(u)?
8
Suppose -3*z = -2*z - 2*x - 1651, 0 = -3*z - 3*x + 4944. What is the hundreds digit of z?
6
Let y(z) = -z**2 - 12*z + 10. Let j(m) = m**2 + 2*m - 11. Let l be j(-5). Suppose -56 = 4*a - 2*i, -l*a + 2*i - 28 = 7*i. What is the units digit of y(a)?
0
Suppose -13*v = 15*v - 112392. What is the thousands digit of v?
4
Suppose -4*q + 4*i = 12, -4*i + 3*i + 1 = q. What is the tens digit of ((6/9)/2)/(q/(-111))?
3
Let l = -81 + 79. What is the tens digit of (-69)/6*(-1 + (l - 9))?
3
Let n(u) = -u**3 + 2*u**2 + u - 1. Let h(s) be the third derivative of -s**4/24 - 2*s**2. Let y be h(-2). What is the units digit of n(y)?
1
What is the units digit of ((-5352)/30)/((-2)/10)?
2
Let x be 2 + (-3 - (2 + -4)). What is the hundreds digit of x/(-4) - (3 - 2991/12)?
2
What is the tens digit of (((-1524)/(-8))/3)/(5/20)?
5
Let p = 3 - 0. Suppose 80 = -q - p*q. Let v = q - -47. What is the tens digit of v?
2
Let q be (-9)/((-45)/2) + 2336/(-40). Suppose -v + 39 = -2*v. Let s = v - q. What is the units digit of s?
9
Suppose -5*f = -9*f + 2144. What is the tens digit of f?
3
Let v(c) = -15*c + 4. Let u be v(-2). Suppose 3*o = 208 - u. What is the units digit of o?
8
Let v = -213 - -269. Suppose -2*u + 0*s + 4*s + 18 = 0, 3*u + 4*s = -3. Suppose -n + 67 = u*h, 0 = -0*h - 2*h + 5*n + v. What is the tens digit of h?
2
Let l = 15 - 10. Let k be 2/(l/(-2) + 3). Suppose k*b = 88 + 112. What is the tens digit of b?
5
What is the units digit of 1*(-1)/5 - 864/(-45)?
9
Suppose 7 = 3*j - 3*w + w, -2*j + 2*w + 2 = 0. Suppose -j*a + 60 = -60. Suppose -u = u - a. What is the units digit of u?
2
Let s = 124 + -119. Suppose -s*y + 354 = 5*p + 29, 129 = 2*y + p. What is the tens digit of y?
6
Let n be (-3)/2 - (17/(-2) - -2). Suppose -n*u - 176 = -j, -145 = -3*j + u + 327. What is the tens digit of j?
5
Suppose -2 = -2*o + 2*v, 4*o - 3 = 5*v - 0. Suppose -2*l + o + 4 = 0. Suppose 5*g + 4*x = -0*x + 269, 3*x = l. What is the units digit of g?
3
Let y = 1708 - 707. What is the units digit of y?
1
Let s = 49 + -43. Suppose -4*p - 218 = -s*p. What is the tens digit of p?
0
Suppose -119 = 8*f - 23. Let h(q) = -q**2 - 15*q - 19. Let k be h(f). Suppose s = 4*o - o + k, 2*s + 4*o - 74 = 0. What is the units digit of s?
9
Suppose -4*c + 29 = z, -4*z + 2*c + 60 = 16. What is the units digit of z?
3
Suppose 29 - 353 = -27*w. What is the tens digit of w?
1
Suppose 17 + 82 = -9*s. Let k(c) = c**3 + 12*c**2 + 9*c + 15. What is the units digit of k(s)?
7
Suppose 4*n = -2*p + 1896, n + 952 = 3*n - p. What is the hundreds digit of n?
4
Suppose -40 - 6 = 2*r. Let z = r + 99. What is the tens digit of z?
7
Suppose -4 = -2*z + 2. Suppose 5*y + 2*w + w - 64 = 0, z*w + 35 = 4*y. Suppose -y*k = -6*k - 115. What is the tens digit of k?
2
Let o(r) = -351*r - 297. What is the hundreds digit of 